ded by 319?
309
Calculate the remainder when 1439 is divided by 695.
49
What is the remainder when 7081 is divided by 189?
88
Calculate the remainder when 56679 is divided by 858.
51
Calculate the remainder when 13960 is divided by 598.
206
What is the remainder when 23480 is divided by 1018?
66
Calculate the remainder when 24125 is divided by 138.
113
Calculate the remainder when 86058 is divided by 22.
16
Calculate the remainder when 1822 is divided by 63.
58
Calculate the remainder when 21940 is divided by 21744.
196
Calculate the remainder when 78762 is divided by 33.
24
Calculate the remainder when 35991 is divided by 11987.
30
Calculate the remainder when 8052 is divided by 28.
16
What is the remainder when 47206 is divided by 84?
82
Calculate the remainder when 31005 is divided by 57.
54
Calculate the remainder when 159416 is divided by 59.
57
Calculate the remainder when 49904 is divided by 12.
8
Calculate the remainder when 69055 is divided by 16.
15
What is the remainder when 347707 is divided by 8?
3
What is the remainder when 33337 is divided by 106?
53
What is the remainder when 1429 is divided by 1288?
141
Calculate the remainder when 149396 is divided by 42.
2
What is the remainder when 300461 is divided by 33?
29
What is the remainder when 386724 is divided by 106?
36
What is the remainder when 21697 is divided by 92?
77
Calculate the remainder when 43013 is divided by 1536.
5
What is the remainder when 3802 is divided by 1158?
328
What is the remainder when 15429 is divided by 3854?
13
What is the remainder when 207512 is divided by 366?
356
What is the remainder when 1698 is divided by 553?
39
Calculate the remainder when 94146 is divided by 297.
294
What is the remainder when 4770 is divided by 199?
193
What is the remainder when 4844 is divided by 105?
14
Calculate the remainder when 17993 is divided by 439.
433
What is the remainder when 1095050 is divided by 47?
44
What is the remainder when 541303 is divided by 411?
16
Calculate the remainder when 483589 is divided by 182.
15
What is the remainder when 79285 is divided by 33?
19
Calculate the remainder when 15684 is divided by 31.
29
Calculate the remainder when 23536 is divided by 11529.
478
What is the remainder when 2186 is divided by 130?
106
Calculate the remainder when 18996 is divided by 762.
708
What is the remainder when 845 is divided by 307?
231
What is the remainder when 18692 is divided by 114?
110
What is the remainder when 26914 is divided by 768?
34
Calculate the remainder when 8802 is divided by 975.
27
Calculate the remainder when 37178 is divided by 368.
10
Calculate the remainder when 20920 is divided by 2961.
193
Calculate the remainder when 29272 is divided by 40.
32
What is the remainder when 2086367 is divided by 286?
283
What is the remainder when 52504 is divided by 218?
184
Calculate the remainder when 5362 is divided by 384.
370
What is the remainder when 14532 is divided by 26?
24
Calculate the remainder when 58164 is divided by 105.
99
What is the remainder when 259480 is divided by 211?
161
What is the remainder when 4096295 is divided by 249?
245
Calculate the remainder when 8468 is divided by 8456.
12
What is the remainder when 36060 is divided by 374?
156
What is the remainder when 415 is divided by 119?
58
What is the remainder when 5530 is divided by 1738?
316
What is the remainder when 53043 is divided by 103?
101
Calculate the remainder when 1128 is divided by 489.
150
Calculate the remainder when 190418 is divided by 7323.
20
Calculate the remainder when 17789 is divided by 5928.
5
Calculate the remainder when 80773 is divided by 374.
363
Calculate the remainder when 24682 is divided by 2737.
49
Calculate the remainder when 223258 is divided by 55806.
34
Calculate the remainder when 314935 is divided by 12597.
10
Calculate the remainder when 217026 is divided by 72315.
81
What is the remainder when 14670 is divided by 165?
150
What is the remainder when 49954 is divided by 4526?
168
What is the remainder when 31783 is divided by 239?
235
Calculate the remainder when 8659 is divided by 2790.
289
Calculate the remainder when 478969 is divided by 151.
148
Calculate the remainder when 37880 is divided by 287.
283
What is the remainder when 1958 is divided by 650?
8
Calculate the remainder when 1348600 is divided by 116.
100
What is the remainder when 15898 is divided by 300?
298
What is the remainder when 270 is divided by 136?
134
Calculate the remainder when 1590 is divided by 973.
617
What is the remainder when 42330 is divided by 366?
240
What is the remainder when 129835 is divided by 32?
11
What is the remainder when 13552 is divided by 309?
265
What is the remainder when 13324 is divided by 1211?
3
Calculate the remainder when 1066392 is divided by 843.
840
What is the remainder when 7782 is divided by 35?
12
What is the remainder when 1446 is divided by 205?
11
What is the remainder when 1875 is divided by 502?
369
What is the remainder when 576446 is divided by 1350?
1346
What is the remainder when 6829 is divided by 2263?
40
What is the remainder when 48093 is divided by 6869?
10
Calculate the remainder when 40049 is divided by 527.
524
What is the remainder when 3269 is divided by 2847?
422
What is the remainder when 1958 is divided by 28?
26
Calculate the remainder when 21527 is divided by 3584.
23
Calculate the remainder when 36361 is divided by 18168.
25
What is the remainder when 95792 is divided by 108?
104
Calculate the remainder when 9851 is divided by 1963.
36
Calculate the remainder when 2455 is divided by 124.
99
What is the remainder when 188015 is divided by 29?
8
What is the remainder when 1626285 is divided by 24?
21
Calculate the remainder when 1184 is divided by 558.
68
What is the remainder when 34831 is divided by 1225?
531
Calculate the remainder when 172418 is divided by 28735.
8
Calculate the remainder when 139782 is divided by 145.
2
Calculate the remainder when 726 is divided by 235.
21
What is the remainder when 552369 is divided by 7?
6
What is the remainder when 1577430 is divided by 23?
21
What is the remainder when 40625 is divided by 366?
365
Calculate the remainder when 2851 is divided by 719.
694
What is the remainder when 122244 is divided by 52?
44
Calculate the remainder when 12158 is divided by 1776.
1502
Calculate the remainder when 15095 is divided by 28.
3
What is the remainder when 123 is divided by 80?
43
What is the remainder when 2286 is divided by 1?
0
Calculate the remainder when 752542 is divided by 39.
37
What is the remainder when 64580 is divided by 351?
347
Calculate the remainder when 155587 is divided by 51860.
7
Calculate the remainder when 18597 is divided by 10.
7
What is the remainder when 111039 is divided by 71?
66
Calculate the remainder when 8150 is divided by 194.
2
Calculate the remainder when 117486 is divided by 72.
54
Calculate the remainder when 33485 is divided by 208.
205
Calculate the remainder when 23912 is divided by 7827.
431
Calculate the remainder when 770470 is divided by 1044.
1042
Calculate the remainder when 11148 is divided by 445.
23
Calculate the remainder when 66416 is divided by 46.
38
Calculate the remainder when 66027 is divided by 84.
3
What is the remainder when 2724 is divided by 40?
4
Calculate the remainder when 80896 is divided by 20223.
4
Calculate the remainder when 1322 is divided by 131.
12
Calculate the remainder when 8636 is divided by 4156.
324
What is the remainder when 39437 is divided by 116?
113
What is the remainder when 127099 is divided by 1025?
1024
Calculate the remainder when 5763 is divided by 56.
51
Calculate the remainder when 4063 is divided by 1137.
652
What is the remainder when 29401 is divided by 16?
9
Calculate the remainder when 11233 is divided by 38.
23
Calculate the remainder when 398 is divided by 380.
18
What is the remainder when 19619 is divided by 93?
89
Calculate the remainder when 190269 is divided by 2045.
84
Calculate the remainder when 171038 is divided by 205.
68
Calculate the remainder when 8606 is divided by 344.
6
What is the remainder when 3290 is divided by 345?
185
Calculate the remainder when 747990 is divided by 499.
488
What is the remainder when 6442 is divided by 113?
1
Calculate t